{"id":10293,"date":"2023-09-08T07:48:37","date_gmt":"2023-09-08T06:48:37","guid":{"rendered":"https:\/\/netvert-verbund.de\/?page_id=10293"},"modified":"2026-04-22T14:02:34","modified_gmt":"2026-04-22T13:02:34","slug":"mbw-rheinmuenster","status":"publish","type":"page","link":"https:\/\/netvert-verbund.de\/index.php\/mbw-rheinmuenster\/","title":{"rendered":"mbw Rheinm\u00fcnster GmbH"},"content":{"rendered":"<div class=\"row \"><div class=\"wpv-grid grid-1-1  wpv-first-level first unextended\" style=\"padding-top:0px;padding-bottom:0px\" id=\"wpv-column-c25a410ce1a67d1fa0d8472755bbff3c\" ><h3>Die mbw Rheinm\u00fcnster GmbH ist seit 01. Januar 2026 Teil der MWG-Gruppe.<\/h3>\n<h3>Am traditionsreichen Standort in Rheinm\u00fcnster verbinden wir langj\u00e4hrige Erfahrung mit modernen Fertigungsprozessen. Ihr Fokus liegt auf der qualitativ hochwertigen Oberfl\u00e4chenveredelung f\u00fcr industrielle Anwendungen \u2013 pr\u00e4zise, wirtschaftlich und serienf\u00e4hig.<\/h3><\/div><\/div>\n<div class=\"sep\"><\/div>\n<div class=\"row \"><div class=\"wpv-grid grid-1-3  wpv-first-level first unextended\" style=\"padding-top:0px;padding-bottom:0px\" id=\"wpv-column-e08df91ceab21cd116c7fc829b7cf5a7\" ><div class=\"row \"><div class=\"wpv-grid grid-5-6  first unextended\" style=\"padding-top:0px;padding-bottom:0px\" id=\"wpv-column-e1f8416cd53c144c9deda68d45f9c572\" ><div class=\"row \"><div class=\"wpv-grid grid-5-6  first unextended\" style=\"padding-top:0px;padding-bottom:0px\" id=\"wpv-column-41529382189a114cfeb05b645b1ef8d8\" ><div class=\"row \"><div class=\"wpv-grid grid-1-1  first unextended\" style=\"padding-top:0px;padding-bottom:0px\" id=\"wpv-column-c207ad558ba453d7adbdcaf6fb2957fd\" ><h3>CHRONIK<\/h3>\n<hr \/>\n<ul>\n<li>\n<h3><span class=\"accent-1\">\u2013 2026<\/span> \u00dcbernahme<\/h3>\n<p>Zum 01. Januar 2026 \u00fcbernahm die mbw Rheinm\u00fcnster GmbH das operative Gesch\u00e4ft des Standorts Rheinm\u00fcnster der mbw-Group.<br \/>\n<div class=\"push\" style='height:20px'><\/div><\/li>\n<\/ul><\/div><\/div><\/div><\/div>\n<div class=\"push\" style='height:30px'><\/div><\/div><\/div><\/div>\n<div class=\"wpv-grid grid-1-3  wpv-first-level unextended\" style=\"padding-top:0px;padding-bottom:0px\" id=\"wpv-column-8a2a223695adba9262716ae5678443ca\" ><div class=\"row \"><div class=\"wpv-grid grid-5-6  first unextended\" style=\"padding-top:0px;padding-bottom:0px\" id=\"wpv-column-0c81f92691e67b9068b0877e4af1a077\" ><div class=\"row \"><div class=\"wpv-grid grid-5-6  first unextended\" style=\"padding-top:0px;padding-bottom:0px\" id=\"wpv-column-b449933f0bca50a03f93c07078d4dffb\" ><div class=\"row \"><div class=\"wpv-grid grid-1-1  first unextended\" style=\"padding-top:0px;padding-bottom:0px\" id=\"wpv-column-58a307e1bb95486973ccdff8eba556b9\" ><h3>KERNKOMPETENZEN<\/h3>\n<ul>\n<li>Verzinken Bestelle &amp; Trommel<\/li>\n<li>Technisches Anodisieren<\/li>\n<li>Blankpassivieren<\/li>\n<\/ul><\/div><\/div>\n<div class=\"row \"><div class=\"wpv-grid grid-1-1  first unextended\" style=\"padding-top:0px;padding-bottom:0px\" id=\"wpv-column-b6204400e85e185ae50a47793b78bb6d\" ><h3>ZERTIFIZIERUNGEN<\/h3>\n<ul>\n<li>ISO 9001 &amp; ISO 14001 in Vorbereitung<\/li>\n<\/ul><\/div><\/div><\/div><\/div>\n<div class=\"push\" style='height:30px'><\/div><\/div><\/div><\/div>\n<div class=\"wpv-grid grid-1-4  wpv-first-level unextended\" style=\"padding-top:0px;padding-bottom:0px\" id=\"wpv-column-16341e1207bfe758cac601a0634d4256\" ><div class=\"row \"><div class=\"wpv-grid grid-1-1  first has-background unextended\" style=\"background-color:#f0f0f0;padding-top:0px;padding-bottom:0px\" id=\"wpv-column-0fc35261d066849f4adfa5b5b3a30602\" ><style>#wpv-column-0fc35261d066849f4adfa5b5b3a30602 p,#wpv-column-0fc35261d066849f4adfa5b5b3a30602 em,#wpv-column-0fc35261d066849f4adfa5b5b3a30602 .column-title,#wpv-column-0fc35261d066849f4adfa5b5b3a30602 .sep-text h2.regular-title-wrapper,#wpv-column-0fc35261d066849f4adfa5b5b3a30602 .text-divider-double,#wpv-column-0fc35261d066849f4adfa5b5b3a30602 .sep-text .sep-text-line,#wpv-column-0fc35261d066849f4adfa5b5b3a30602 .sep,#wpv-column-0fc35261d066849f4adfa5b5b3a30602 .sep-2,#wpv-column-0fc35261d066849f4adfa5b5b3a30602 .sep-3,#wpv-column-0fc35261d066849f4adfa5b5b3a30602 td,#wpv-column-0fc35261d066849f4adfa5b5b3a30602 th,#wpv-column-0fc35261d066849f4adfa5b5b3a30602 caption{color:#717171;}#wpv-column-0fc35261d066849f4adfa5b5b3a30602:before{background-color:transparent;}<\/style><div class=\"row \"><div class=\"wpv-grid grid-1-1  first unextended\" style=\"padding-top:0px;padding-bottom:0px\" id=\"wpv-column-aa43658edcd53e2fe8e709cd2aaac2bd\" >\n<div class=\"contact_info_wrap\">\n\t\t\t<p><span class='icon shortcode   use-hover' style='color:#4a4f55;'>&#57610;<\/span>mbw Rheinm\u00fcnster GmbH<\/p>\n\t\n\t\t\t<p><a href=\"tel:+ 49 - (0) 77 29 - 3040 22\" title=\"Call mbw Rheinm\u00fcnster GmbH\"><span class='icon shortcode theme  use-hover' style='color:#4a4f55;'>&#57382;<\/span>+ 49 - (0) 77 29 - 3040 22<\/a><\/p>\n\t\n\t\n\t\t\t<p><a href=\"mailto:vanessa.schmidt@mbw-group.com\" ><span class='icon shortcode theme  use-hover' style='color:#4a4f55;'>&#57353;<\/span>vanessa.schmidt@mbw-group.com<\/a><\/p>\n\t\n\t\t\t<p><span class=\"contact_address\"><span class='icon shortcode theme  use-hover' style='color:#4a4f55;'>&#57367;<\/span>Victoria Boulevard K 100 - 77836 Rheinm\u00fcnster<\/span><\/p>\n\t\n<\/div>\n<\/div><\/div>\n<div class=\"row \"><div class=\"wpv-grid grid-1-1  first unextended\" style=\"padding-top:0px;padding-bottom:0px\" id=\"wpv-column-f969ad390a2f621f0aae7bcaf869a4aa\" ><p><a href=\"https:\/\/https:\/\/www.mwg-gruppe.de\/unternehmen\/mbw-rheinmuenster-gmbh\">www.mwg-gruppe.de\/unternehmen\/mbw-rheinmuenster-gmbh<\/a><\/div><\/div><\/div><\/div>\n<div class=\"row \"><div class=\"wpv-grid grid-1-1  first unextended\" style=\"padding-top:0px;padding-bottom:0px\" id=\"wpv-column-fbe4a53e72e220715e7fb841769dbe5c\" ><div class=\"row \"><div class=\"wpv-grid grid-1-1  first unextended\" style=\"padding-top:0px;padding-bottom:0px\" id=\"wpv-column-d1ac1b24d7cd02bea46b416027dd4c45\" ><\/div><\/div><\/div><\/div><\/div><\/div>\n<div class=\"row \"><div class=\"wpv-grid grid-1-1  wpv-first-level first unextended\" style=\"padding-top:0px;padding-bottom:0px\" id=\"wpv-column-203cfdfbefaadb9102178a7f889af829\" >\t\t<div class=\"sep-text single centered\">\n\t\t\t\t\t\t\t<span class=\"sep-text-before\"><div class=\"sep-text-line\"><\/div><\/span>\n\t\t\t\t\t\t<div class=\"content\">\n\t\t\t\t<h2 class=\"text-divider-double\">Die mbw Rheinm\u00fcnster GmbH in Bildern<\/h2>\t\t\t<\/div>\n\t\t\t<span class=\"sep-text-after\"><div class=\"sep-text-line\"><\/div><\/span>\n\t\t\t\t\t<\/div>\n\t\n<section class=\"portfolios normal clearfix title-false no-description \" id=\"69e8ce35d8330\">\n\t\t<div class=\"portfolio-items vamtam-cubeportfolio cbp portfolio-items \" data-columns=\"2\" data-options=\"{&quot;layoutMode&quot;:&quot;grid&quot;,&quot;defaultFilter&quot;:&quot;*&quot;,&quot;animationType&quot;:&quot;slideDelay&quot;,&quot;gapHorizontal&quot;:30,&quot;gapVertical&quot;:30,&quot;gridAdjustment&quot;:&quot;responsive&quot;,&quot;mediaQueries&quot;:[{&quot;width&quot;:555,&quot;cols&quot;:2},{&quot;width&quot;:262.5,&quot;cols&quot;:1}],&quot;displayType&quot;:&quot;bottomToTop&quot;,&quot;displayTypeSpeed&quot;:100,&quot;showPagination&quot;:false}\" data-hidden-by-filters=\"New items were loaded, but they are hidden because of your choice of filters\">\n\t\t<div data-id=\"10309\" data-type=\"gms\" class=\"no-title no-description grid-1-2 has-button state-closed vamtam-project cbp-item\" style=\"width: 50%\">\n\t<div class=\"portfolio-item-wrapper\">\n\t\t\t\t<div class=\"portfolio-image\">\n\t\t\t<div class=\"thumbnail\" style=\"max-height:400px\">\n\t\t\t\t\t\t\t\t\t\t<a href=\"https:\/\/netvert-verbund.de\/wp-content\/uploads\/2026\/04\/Rheinmuenster-1-scaled.jpg\" class=\"meta  vamtam-lightbox\"  rel=\"portfolio_337\">\n\t\t\t\t\t\t\t<img loading=\"lazy\" decoding=\"async\" width=\"555\" height=\"370\" src=\"https:\/\/netvert-verbund.de\/wp-content\/uploads\/2026\/04\/Rheinmuenster-1-555x370.jpg\" class=\"attachment-portfolio-loop-2 size-portfolio-loop-2 wp-post-image\" alt=\"\" srcset=\"https:\/\/netvert-verbund.de\/wp-content\/uploads\/2026\/04\/Rheinmuenster-1-555x370.jpg 555w, https:\/\/netvert-verbund.de\/wp-content\/uploads\/2026\/04\/Rheinmuenster-1-1140x760.jpg 1140w, https:\/\/netvert-verbund.de\/wp-content\/uploads\/2026\/04\/Rheinmuenster-1-360x240.jpg 360w, https:\/\/netvert-verbund.de\/wp-content\/uploads\/2026\/04\/Rheinmuenster-1-262x175.jpg 262w\" sizes=\"(min-width: 900px) 50vw, 100vw\" \/>\t\t\t\t\t\t<\/a>\n\t\t\t\t\t\t\t<\/div><!-- \/ .thumbnail -->\n\t\t<\/div>\n\n\t\t\t<\/div>\n<\/div><div data-id=\"10305\" data-type=\"gms\" class=\"no-title no-description grid-1-2 has-button state-closed vamtam-project cbp-item\" style=\"width: 50%\">\n\t<div class=\"portfolio-item-wrapper\">\n\t\t\t\t<div class=\"portfolio-image\">\n\t\t\t<div class=\"thumbnail\" style=\"max-height:400px\">\n\t\t\t\t\t\t\t\t\t\t<a href=\"https:\/\/netvert-verbund.de\/wp-content\/uploads\/2026\/04\/Rheinmuenster-3-scaled.jpg\" class=\"meta  vamtam-lightbox\"  rel=\"portfolio_337\">\n\t\t\t\t\t\t\t<img loading=\"lazy\" decoding=\"async\" width=\"555\" height=\"370\" src=\"https:\/\/netvert-verbund.de\/wp-content\/uploads\/2026\/04\/Rheinmuenster-3-555x370.jpg\" class=\"attachment-portfolio-loop-2 size-portfolio-loop-2 wp-post-image\" alt=\"\" srcset=\"https:\/\/netvert-verbund.de\/wp-content\/uploads\/2026\/04\/Rheinmuenster-3-555x370.jpg 555w, https:\/\/netvert-verbund.de\/wp-content\/uploads\/2026\/04\/Rheinmuenster-3-1140x760.jpg 1140w, https:\/\/netvert-verbund.de\/wp-content\/uploads\/2026\/04\/Rheinmuenster-3-360x240.jpg 360w, https:\/\/netvert-verbund.de\/wp-content\/uploads\/2026\/04\/Rheinmuenster-3-262x175.jpg 262w\" sizes=\"(min-width: 900px) 50vw, 100vw\" \/>\t\t\t\t\t\t<\/a>\n\t\t\t\t\t\t\t<\/div><!-- \/ .thumbnail -->\n\t\t<\/div>\n\n\t\t\t<\/div>\n<\/div>\t<\/div>\n\t<\/section>\n\n<\/div><\/div>\n<div class=\"row \"><div class=\"wpv-grid grid-1-1  wpv-first-level first unextended\" style=\"padding-top:0px;padding-bottom:0px\" id=\"wpv-column-f42786e5c8aabf0a4303919d0af97e96\" ><\/div><\/div>\n<div class=\"row \"><div class=\"wpv-grid grid-1-1  wpv-first-level first unextended\" style=\"padding-top:0px;padding-bottom:0px\" id=\"wpv-column-2914774ca2ac2c77c0533fd68ec4c535\" ><\/div><\/div>\n","protected":false},"excerpt":{"rendered":"","protected":false},"author":6,"featured_media":0,"parent":0,"menu_order":0,"comment_status":"closed","ping_status":"closed","template":"","meta":{"footnotes":""},"_links":{"self":[{"href":"https:\/\/netvert-verbund.de\/index.php\/wp-json\/wp\/v2\/pages\/10293"}],"collection":[{"href":"https:\/\/netvert-verbund.de\/index.php\/wp-json\/wp\/v2\/pages"}],"about":[{"href":"https:\/\/netvert-verbund.de\/index.php\/wp-json\/wp\/v2\/types\/page"}],"author":[{"embeddable":true,"href":"https:\/\/netvert-verbund.de\/index.php\/wp-json\/wp\/v2\/users\/6"}],"replies":[{"embeddable":true,"href":"https:\/\/netvert-verbund.de\/index.php\/wp-json\/wp\/v2\/comments?post=10293"}],"version-history":[{"count":29,"href":"https:\/\/netvert-verbund.de\/index.php\/wp-json\/wp\/v2\/pages\/10293\/revisions"}],"predecessor-version":[{"id":10425,"href":"https:\/\/netvert-verbund.de\/index.php\/wp-json\/wp\/v2\/pages\/10293\/revisions\/10425"}],"wp:attachment":[{"href":"https:\/\/netvert-verbund.de\/index.php\/wp-json\/wp\/v2\/media?parent=10293"}],"curies":[{"name":"wp","href":"https:\/\/api.w.org\/{rel}","templated":true}]}}